45.11.172.52 - - [31/Jul/2026:18:01:40 +0300] "GET /wp-content/plugins/contact-form-7/plbczvwt.php HTTP/1.1" 404 51939 "-" "Mozilla/5.0 (Windows NT 10.0; Win64; x64) AppleWebKit/537.36 (KHTML, like Gecko) Chrome/148.0.0.0 Safari/537.36 Edg/148.0.0.0"
141.227.139.224 - - [31/Jul/2026:18:01:40 +0300] "GET /wp-content/plugins/contact-form-7/plbczvwt.php HTTP/1.1" 404 51939 "-" "Mozilla/5.0 (Windows NT 10.0; Win64; x64) AppleWebKit/537.36 (KHTML, like Gecko) Chrome/148.0.0.0 Safari/537.36 Edg/148.0.0.0"
146.70.203.23 - - [31/Jul/2026:18:01:41 +0300] "GET /wp-content/plugins/contact-form-7/plbczvwt.php HTTP/1.1" 404 51939 "-" "Mozilla/5.0 (Windows NT 10.0; Win64; x64) AppleWebKit/537.36 (KHTML, like Gecko) Chrome/148.0.0.0 Safari/537.36 Edg/148.0.0.0"
209.50.227.112 - - [31/Jul/2026:18:01:42 +0300] "GET /wp-content/plugins/contact-form-7/plbczvwt.php HTTP/1.1" 404 51939 "-" "Mozilla/5.0 (Windows NT 10.0; Win64; x64) AppleWebKit/537.36 (KHTML, like Gecko) Chrome/148.0.0.0 Safari/537.36 Edg/148.0.0.0"
38.141.62.243 - - [31/Jul/2026:18:04:54 +0300] "GET /contact/ HTTP/1.1" 200 26762 "-" "Mozilla/5.0 (Windows NT 10.0; WOW64) AppleWebKit/537.36 (KHTML, like Gecko) Chrome/114.0.0.0 Safari/537.36 Vivaldi/5.3.2679.68"
38.141.62.243 - - [31/Jul/2026:18:05:02 +0300] "GET / HTTP/1.1" 301 - "-" "Mozilla/5.0 (Windows NT 10.0; WOW64) AppleWebKit/537.36 (KHTML, like Gecko) Chrome/114.0.0.0 Safari/537.36 Vivaldi/5.3.2679.68"
45.11.172.52 - - [31/Jul/2026:18:17:46 +0300] "GET /wp-content/plugins/contact-form-7/plbczvwt.php HTTP/1.1" 404 51939 "-" "Mozilla/5.0 (Windows NT 10.0; Win64; x64) AppleWebKit/537.36 (KHTML, like Gecko) Chrome/148.0.0.0 Safari/537.36 Edg/148.0.0.0"
141.227.139.224 - - [31/Jul/2026:18:17:46 +0300] "GET /wp-content/plugins/contact-form-7/plbczvwt.php HTTP/1.1" 404 51939 "-" "Mozilla/5.0 (Windows NT 10.0; Win64; x64) AppleWebKit/537.36 (KHTML, like Gecko) Chrome/148.0.0.0 Safari/537.36 Edg/148.0.0.0"
146.70.203.23 - - [31/Jul/2026:18:17:47 +0300] "GET /wp-content/plugins/contact-form-7/plbczvwt.php HTTP/1.1" 404 51939 "-" "Mozilla/5.0 (Windows NT 10.0; Win64; x64) AppleWebKit/537.36 (KHTML, like Gecko) Chrome/148.0.0.0 Safari/537.36 Edg/148.0.0.0"
209.50.227.112 - - [31/Jul/2026:18:17:49 +0300] "GET /wp-content/plugins/contact-form-7/plbczvwt.php HTTP/1.1" 404 51939 "-" "Mozilla/5.0 (Windows NT 10.0; Win64; x64) AppleWebKit/537.36 (KHTML, like Gecko) Chrome/148.0.0.0 Safari/537.36 Edg/148.0.0.0"
216.24.210.5 - - [31/Jul/2026:18:20:22 +0300] "GET / HTTP/1.1" 301 - "-" "Go-http-client/1.1"
216.24.210.20 - - [31/Jul/2026:18:20:27 +0300] "GET /wp-includes/css/buttons.css HTTP/1.1" 200 12954 "-" "Go-http-client/1.1"
23.137.104.89 - - [31/Jul/2026:18:24:11 +0300] "HEAD / HTTP/1.1" 301 - "https://contexpertaudit.ro/" "Mozilla/5.0 (Windows NT 10.0; Win64; x64) AppleWebKit/537.36 (KHTML, like Gecko) Chrome/91.0.4472.124 Safari/537.36"
66.249.75.196 - - [31/Jul/2026:18:25:20 +0300] "GET /odr/order/regOdrListView/ HTTP/1.1" 301 - "-" "Mozilla/5.0 (Linux; Android 6.0.1; Nexus 5X Build/MMB29P) AppleWebKit/537.36 (KHTML, like Gecko) Chrome/150.0.7871.186 Mobile Safari/537.36 (compatible; Googlebot/2.1; +http://www.google.com/bot.html)"
66.249.69.130 - - [31/Jul/2026:18:25:20 +0300] "GET /robots.txt HTTP/1.1" 200 396 "-" "Mozilla/5.0 (compatible; Googlebot/2.1; +http://www.google.com/bot.html)"
66.249.69.130 - - [31/Jul/2026:18:25:21 +0300] "GET /odr/order/regOdrListView/ HTTP/1.1" 404 51939 "-" "Mozilla/5.0 (Linux; Android 6.0.1; Nexus 5X Build/MMB29P) AppleWebKit/537.36 (KHTML, like Gecko) Chrome/150.0.7871.186 Mobile Safari/537.36 (compatible; Googlebot/2.1; +http://www.google.com/bot.html)"
66.249.75.197 - - [31/Jul/2026:18:31:13 +0300] "GET /shopdetail/assure/215039827 HTTP/1.1" 301 - "-" "Mozilla/5.0 (Linux; Android 6.0.1; Nexus 5X Build/MMB29P) AppleWebKit/537.36 (KHTML, like Gecko) Chrome/150.0.7871.186 Mobile Safari/537.36 (compatible; Googlebot/2.1; +http://www.google.com/bot.html)"
66.249.69.131 - - [31/Jul/2026:18:31:14 +0300] "GET /robots.txt HTTP/1.1" 200 396 "-" "Mozilla/5.0 (compatible; Googlebot/2.1; +http://www.google.com/bot.html)"
66.249.69.131 - - [31/Jul/2026:18:31:14 +0300] "GET /shopdetail/assure/215039827 HTTP/1.1" 404 51939 "-" "Mozilla/5.0 (Linux; Android 6.0.1; Nexus 5X Build/MMB29P) AppleWebKit/537.36 (KHTML, like Gecko) Chrome/150.0.7871.186 Mobile Safari/537.36 (compatible; Googlebot/2.1; +http://www.google.com/bot.html)"
87.199.201.200 - - [31/Jul/2026:18:32:37 +0300] "GET /comments/feed/ HTTP/1.0" 200 752 "http://contexpertaudit.ro/comments/feed/" "Mozilla/5.0 (Windows NT 10.0; Win64; x64) AppleWebKit/537.36 (KHTML, like Gecko) Chrome/131.0.0.0 Safari/537.36"
176.36.146.80 - - [31/Jul/2026:18:32:57 +0300] "GET /contact/ HTTP/1.0" 200 26762 "http://contexpertaudit.ro/contact/" "Mozilla/5.0 (Windows NT 10.0; Win64; x64) AppleWebKit/537.36 (KHTML, like Gecko) Chrome/129.0.0.0 Safari/537.36"
146.70.203.23 - - [31/Jul/2026:18:34:01 +0300] "GET /wp-content/plugins/contact-form-7/plbczvwt.php HTTP/1.1" 404 51939 "-" "Mozilla/5.0 (Windows NT 10.0; Win64; x64) AppleWebKit/537.36 (KHTML, like Gecko) Chrome/148.0.0.0 Safari/537.36 Edg/148.0.0.0"
45.11.172.52 - - [31/Jul/2026:18:34:01 +0300] "GET /wp-content/plugins/contact-form-7/plbczvwt.php HTTP/1.1" 404 51939 "-" "Mozilla/5.0 (Windows NT 10.0; Win64; x64) AppleWebKit/537.36 (KHTML, like Gecko) Chrome/148.0.0.0 Safari/537.36 Edg/148.0.0.0"
141.227.139.224 - - [31/Jul/2026:18:34:02 +0300] "GET /wp-content/plugins/contact-form-7/plbczvwt.php HTTP/1.1" 404 51939 "-" "Mozilla/5.0 (Windows NT 10.0; Win64; x64) AppleWebKit/537.36 (KHTML, like Gecko) Chrome/148.0.0.0 Safari/537.36 Edg/148.0.0.0"
209.50.227.112 - - [31/Jul/2026:18:34:02 +0300] "GET /wp-content/plugins/contact-form-7/plbczvwt.php HTTP/1.1" 404 51939 "-" "Mozilla/5.0 (Windows NT 10.0; Win64; x64) AppleWebKit/537.36 (KHTML, like Gecko) Chrome/148.0.0.0 Safari/537.36 Edg/148.0.0.0"
66.249.75.197 - - [31/Jul/2026:18:38:34 +0300] "GET /shopdetail/running/039007725 HTTP/1.1" 301 - "-" "Mozilla/5.0 (Linux; Android 6.0.1; Nexus 5X Build/MMB29P) AppleWebKit/537.36 (KHTML, like Gecko) Chrome/150.0.7871.186 Mobile Safari/537.36 (compatible; Googlebot/2.1; +http://www.google.com/bot.html)"
66.249.69.129 - - [31/Jul/2026:18:38:35 +0300] "GET /shopdetail/running/039007725 HTTP/1.1" 404 51939 "-" "Mozilla/5.0 (Linux; Android 6.0.1; Nexus 5X Build/MMB29P) AppleWebKit/537.36 (KHTML, like Gecko) Chrome/150.0.7871.186 Mobile Safari/537.36 (compatible; Googlebot/2.1; +http://www.google.com/bot.html)"
192.168.200.1 - - [31/Jul/2026:18:47:27 +0300] "POST /wp-cron.php?doing_wp_cron=1785512847.0430660247802734375000 HTTP/1.1" 200 - "-" "WordPress/7.0; https://contexpertaudit.ro"
45.11.172.52 - - [31/Jul/2026:18:47:26 +0300] "GET /wp-content/plugins/contact-form-7/plbczvwt.php HTTP/1.1" 404 51939 "-" "Mozilla/5.0 (Windows NT 10.0; Win64; x64) AppleWebKit/537.36 (KHTML, like Gecko) Chrome/148.0.0.0 Safari/537.36 Edg/148.0.0.0"
141.227.139.224 - - [31/Jul/2026:18:47:27 +0300] "GET /wp-content/plugins/contact-form-7/plbczvwt.php HTTP/1.1" 404 51939 "-" "Mozilla/5.0 (Windows NT 10.0; Win64; x64) AppleWebKit/537.36 (KHTML, like Gecko) Chrome/148.0.0.0 Safari/537.36 Edg/148.0.0.0"
146.70.203.23 - - [31/Jul/2026:18:47:27 +0300] "GET /wp-content/plugins/contact-form-7/plbczvwt.php HTTP/1.1" 404 51939 "-" "Mozilla/5.0 (Windows NT 10.0; Win64; x64) AppleWebKit/537.36 (KHTML, like Gecko) Chrome/148.0.0.0 Safari/537.36 Edg/148.0.0.0"
209.50.227.112 - - [31/Jul/2026:18:47:28 +0300] "GET /wp-content/plugins/contact-form-7/plbczvwt.php HTTP/1.1" 404 51939 "-" "Mozilla/5.0 (Windows NT 10.0; Win64; x64) AppleWebKit/537.36 (KHTML, like Gecko) Chrome/148.0.0.0 Safari/537.36 Edg/148.0.0.0"
23.137.104.89 - - [31/Jul/2026:18:51:11 +0300] "HEAD / HTTP/1.1" 301 - "https://contexpertaudit.ro/" "Mozilla/5.0 (Windows NT 10.0; Win64; x64) AppleWebKit/537.36 (KHTML, like Gecko) Chrome/91.0.4472.124 Safari/537.36"
66.249.75.198 - - [31/Jul/2026:18:51:27 +0300] "GET /486250619 HTTP/1.1" 301 - "-" "Mozilla/5.0 (Linux; Android 6.0.1; Nexus 5X Build/MMB29P) AppleWebKit/537.36 (KHTML, like Gecko) Chrome/150.0.7871.186 Mobile Safari/537.36 (compatible; Googlebot/2.1; +http://www.google.com/bot.html)"
66.249.69.129 - - [31/Jul/2026:18:51:28 +0300] "GET /486250619 HTTP/1.1" 404 51939 "-" "Mozilla/5.0 (Linux; Android 6.0.1; Nexus 5X Build/MMB29P) AppleWebKit/537.36 (KHTML, like Gecko) Chrome/150.0.7871.186 Mobile Safari/537.36 (compatible; Googlebot/2.1; +http://www.google.com/bot.html)"
66.249.75.198 - - [31/Jul/2026:18:55:29 +0300] "GET /f/cardboard/cardboard00/ HTTP/1.1" 200 88184 "-" "Mozilla/5.0 (Linux; Android 6.0.1; Nexus 5X Build/MMB29P) AppleWebKit/537.36 (KHTML, like Gecko) Chrome/150.0.7871.186 Mobile Safari/537.36 (compatible; Googlebot/2.1; +http://www.google.com/bot.html)"
141.227.139.224 - - [31/Jul/2026:19:03:01 +0300] "GET /wp-content/plugins/contact-form-7/plbczvwt.php HTTP/1.1" 200 88184 "-" "Mozilla/5.0 (Windows NT 10.0; Win64; x64) AppleWebKit/537.36 (KHTML, like Gecko) Chrome/148.0.0.0 Safari/537.36 Edg/148.0.0.0"
209.50.227.112 - - [31/Jul/2026:19:03:01 +0300] "GET /wp-content/plugins/contact-form-7/plbczvwt.php HTTP/1.1" 200 88184 "-" "Mozilla/5.0 (Windows NT 10.0; Win64; x64) AppleWebKit/537.36 (KHTML, like Gecko) Chrome/148.0.0.0 Safari/537.36 Edg/148.0.0.0"
45.11.172.52 - - [31/Jul/2026:19:03:02 +0300] "GET /wp-content/plugins/contact-form-7/plbczvwt.php HTTP/1.1" 200 88184 "-" "Mozilla/5.0 (Windows NT 10.0; Win64; x64) AppleWebKit/537.36 (KHTML, like Gecko) Chrome/148.0.0.0 Safari/537.36 Edg/148.0.0.0"
146.70.203.23 - - [31/Jul/2026:19:03:17 +0300] "GET /wp-content/plugins/contact-form-7/plbczvwt.php HTTP/1.1" 200 88184 "-" "Mozilla/5.0 (Windows NT 10.0; Win64; x64) AppleWebKit/537.36 (KHTML, like Gecko) Chrome/148.0.0.0 Safari/537.36 Edg/148.0.0.0"
172.202.95.21 - - [31/Jul/2026:19:14:35 +0300] "GET /wp-content/plugins/hellopress/wp_filemanager.php HTTP/1.1" 200 88184 "-" "-"
172.202.95.21 - - [31/Jul/2026:19:14:37 +0300] "GET /this_is_a_new_hello_world.php HTTP/1.1" 200 88184 "-" "-"
141.227.139.224 - - [31/Jul/2026:19:16:59 +0300] "GET /wp-content/plugins/contact-form-7/plbczvwt.php HTTP/1.1" 200 88184 "-" "Mozilla/5.0 (Windows NT 10.0; Win64; x64) AppleWebKit/537.36 (KHTML, like Gecko) Chrome/148.0.0.0 Safari/537.36 Edg/148.0.0.0"
146.70.203.23 - - [31/Jul/2026:19:16:59 +0300] "GET /wp-content/plugins/contact-form-7/plbczvwt.php HTTP/1.1" 200 88184 "-" "Mozilla/5.0 (Windows NT 10.0; Win64; x64) AppleWebKit/537.36 (KHTML, like Gecko) Chrome/148.0.0.0 Safari/537.36 Edg/148.0.0.0"
45.11.172.52 - - [31/Jul/2026:19:17:00 +0300] "GET /wp-content/plugins/contact-form-7/plbczvwt.php HTTP/1.1" 200 88184 "-" "Mozilla/5.0 (Windows NT 10.0; Win64; x64) AppleWebKit/537.36 (KHTML, like Gecko) Chrome/148.0.0.0 Safari/537.36 Edg/148.0.0.0"
209.50.227.112 - - [31/Jul/2026:19:17:00 +0300] "GET /wp-content/plugins/contact-form-7/plbczvwt.php HTTP/1.1" 200 88184 "-" "Mozilla/5.0 (Windows NT 10.0; Win64; x64) AppleWebKit/537.36 (KHTML, like Gecko) Chrome/148.0.0.0 Safari/537.36 Edg/148.0.0.0"
81.8.91.201 - - [31/Jul/2026:19:17:02 +0300] "POST /xmlrpc.php HTTP/1.1" 200 88184 "-" "Mozilla/5.0 (Windows NT 10.0; Win64; x64) AppleWebKit/537.36 (KHTML, like Gecko) Chrome/141.0.0.0 Safari/537.36"
45.11.172.52 - - [31/Jul/2026:19:32:52 +0300] "GET /wp-content/plugins/contact-form-7/plbczvwt.php HTTP/1.1" 200 88184 "-" "Mozilla/5.0 (Windows NT 10.0; Win64; x64) AppleWebKit/537.36 (KHTML, like Gecko) Chrome/148.0.0.0 Safari/537.36 Edg/148.0.0.0"
141.227.139.224 - - [31/Jul/2026:19:32:52 +0300] "GET /wp-content/plugins/contact-form-7/plbczvwt.php HTTP/1.1" 200 88184 "-" "Mozilla/5.0 (Windows NT 10.0; Win64; x64) AppleWebKit/537.36 (KHTML, like Gecko) Chrome/148.0.0.0 Safari/537.36 Edg/148.0.0.0"
146.70.203.23 - - [31/Jul/2026:19:32:52 +0300] "GET /wp-content/plugins/contact-form-7/plbczvwt.php HTTP/1.1" 200 88184 "-" "Mozilla/5.0 (Windows NT 10.0; Win64; x64) AppleWebKit/537.36 (KHTML, like Gecko) Chrome/148.0.0.0 Safari/537.36 Edg/148.0.0.0"
209.50.227.112 - - [31/Jul/2026:19:32:52 +0300] "GET /wp-content/plugins/contact-form-7/plbczvwt.php HTTP/1.1" 200 88184 "-" "Mozilla/5.0 (Windows NT 10.0; Win64; x64) AppleWebKit/537.36 (KHTML, like Gecko) Chrome/148.0.0.0 Safari/537.36 Edg/148.0.0.0"
45.11.172.52 - - [31/Jul/2026:19:46:09 +0300] "GET /wp-content/plugins/contact-form-7/plbczvwt.php HTTP/1.1" 200 88184 "-" "Mozilla/5.0 (Windows NT 10.0; Win64; x64) AppleWebKit/537.36 (KHTML, like Gecko) Chrome/148.0.0.0 Safari/537.36 Edg/148.0.0.0"
146.70.203.23 - - [31/Jul/2026:19:46:09 +0300] "GET /wp-content/plugins/contact-form-7/plbczvwt.php HTTP/1.1" 200 88184 "-" "Mozilla/5.0 (Windows NT 10.0; Win64; x64) AppleWebKit/537.36 (KHTML, like Gecko) Chrome/148.0.0.0 Safari/537.36 Edg/148.0.0.0"
141.227.139.224 - - [31/Jul/2026:19:46:10 +0300] "GET /wp-content/plugins/contact-form-7/plbczvwt.php HTTP/1.1" 200 88184 "-" "Mozilla/5.0 (Windows NT 10.0; Win64; x64) AppleWebKit/537.36 (KHTML, like Gecko) Chrome/148.0.0.0 Safari/537.36 Edg/148.0.0.0"
209.50.227.112 - - [31/Jul/2026:19:46:10 +0300] "GET /wp-content/plugins/contact-form-7/plbczvwt.php HTTP/1.1" 200 88184 "-" "Mozilla/5.0 (Windows NT 10.0; Win64; x64) AppleWebKit/537.36 (KHTML, like Gecko) Chrome/148.0.0.0 Safari/537.36 Edg/148.0.0.0"
216.55.185.47 - - [31/Jul/2026:19:50:36 +0300] "POST /xmlrpc.php HTTP/1.1" 200 88184 "-" "Mozilla/5.0 (Windows NT 10.0) AppleWebKit/537.36 (KHTML, like Gecko) Chrome/139.0.0.0 Safari/537.36"
45.11.172.52 - - [31/Jul/2026:20:02:22 +0300] "GET /wp-content/plugins/contact-form-7/plbczvwt.php HTTP/1.1" 200 88184 "-" "Mozilla/5.0 (Windows NT 10.0; Win64; x64) AppleWebKit/537.36 (KHTML, like Gecko) Chrome/148.0.0.0 Safari/537.36 Edg/148.0.0.0"
141.227.139.224 - - [31/Jul/2026:20:02:22 +0300] "GET /wp-content/plugins/contact-form-7/plbczvwt.php HTTP/1.1" 200 88184 "-" "Mozilla/5.0 (Windows NT 10.0; Win64; x64) AppleWebKit/537.36 (KHTML, like Gecko) Chrome/148.0.0.0 Safari/537.36 Edg/148.0.0.0"
209.50.227.112 - - [31/Jul/2026:20:02:22 +0300] "GET /wp-content/plugins/contact-form-7/plbczvwt.php HTTP/1.1" 200 88184 "-" "Mozilla/5.0 (Windows NT 10.0; Win64; x64) AppleWebKit/537.36 (KHTML, like Gecko) Chrome/148.0.0.0 Safari/537.36 Edg/148.0.0.0"
146.70.203.23 - - [31/Jul/2026:20:02:25 +0300] "GET /wp-content/plugins/contact-form-7/plbczvwt.php HTTP/1.1" 200 88184 "-" "Mozilla/5.0 (Windows NT 10.0; Win64; x64) AppleWebKit/537.36 (KHTML, like Gecko) Chrome/148.0.0.0 Safari/537.36 Edg/148.0.0.0"
172.213.17.76 - - [31/Jul/2026:20:03:41 +0300] "GET /wp-content/plugins/hellopress/wp_filemanager.php HTTP/1.1" 200 88184 "-" "-"
172.213.17.76 - - [31/Jul/2026:20:03:41 +0300] "GET /this_is_a_new_hello_world.php HTTP/1.1" 200 88184 "-" "-"
216.67.230.98 - - [31/Jul/2026:20:07:15 +0300] "HEAD / HTTP/1.1" 200 - "-" "Mozilla/5.0 (X11; Linux x86_64) AppleWebKit/537.36 (KHTML, like Gecko) Chrome/131.0.0.0 Safari/537.36"
216.67.230.98 - - [31/Jul/2026:20:07:15 +0300] "GET / HTTP/1.1" 200 88184 "-" "Mozilla/5.0 (X11; Linux x86_64) AppleWebKit/537.36 (KHTML, like Gecko) Chrome/131.0.0.0 Safari/537.36"
216.67.230.98 - - [31/Jul/2026:20:07:16 +0300] "HEAD /wp-login.php HTTP/1.1" 200 - "-" "Mozilla/5.0 (X11; Linux x86_64) AppleWebKit/537.36 (KHTML, like Gecko) Chrome/131.0.0.0 Safari/537.36"
216.67.230.98 - - [31/Jul/2026:20:07:17 +0300] "GET / HTTP/1.1" 200 88184 "-" "Mozilla/5.0 (X11; Linux x86_64) AppleWebKit/537.36 (KHTML, like Gecko) Chrome/131.0.0.0 Safari/537.36"
216.67.230.98 - - [31/Jul/2026:20:07:18 +0300] "GET /wp-login.php HTTP/1.1" 200 88184 "-" "Mozilla/5.0 (X11; Linux x86_64) AppleWebKit/537.36 (KHTML, like Gecko) Chrome/131.0.0.0 Safari/537.36"
216.67.230.98 - - [31/Jul/2026:20:07:19 +0300] "GET /wp-login.php HTTP/1.1" 200 88184 "http://contexpertaudit.ro/wp-admin/" "Mozilla/5.0 (X11; Linux x86_64) AppleWebKit/537.36 (KHTML, like Gecko) Chrome/131.0.0.0 Safari/537.36"
216.67.230.98 - - [31/Jul/2026:20:07:19 +0300] "POST /wp-login.php HTTP/1.1" 200 88184 "http://contexpertaudit.ro/wp-admin/" "Mozilla/5.0 (X11; Linux x86_64) AppleWebKit/537.36 (KHTML, like Gecko) Chrome/131.0.0.0 Safari/537.36"
216.67.230.98 - - [31/Jul/2026:20:07:20 +0300] "GET /wp-admin/ HTTP/1.1" 200 168567 "http://contexpertaudit.ro/wp-admin/" "Mozilla/5.0 (X11; Linux x86_64) AppleWebKit/537.36 (KHTML, like Gecko) Chrome/131.0.0.0 Safari/537.36"
216.67.230.98 - - [31/Jul/2026:20:07:20 +0300] "GET /wp-login.php HTTP/1.1" 200 88184 "http://contexpertaudit.ro/wp-admin/" "Mozilla/5.0 (X11; Linux x86_64) AppleWebKit/537.36 (KHTML, like Gecko) Chrome/131.0.0.0 Safari/537.36"
216.67.230.98 - - [31/Jul/2026:20:07:21 +0300] "GET /wp-login.php HTTP/1.1" 200 88184 "http://contexpertaudit.ro/wp-admin/" "Mozilla/5.0 (X11; Linux x86_64) AppleWebKit/537.36 (KHTML, like Gecko) Chrome/131.0.0.0 Safari/537.36"
216.67.230.98 - - [31/Jul/2026:20:07:22 +0300] "POST /wp-login.php HTTP/1.1" 200 88184 "http://contexpertaudit.ro/wp-admin/" "Mozilla/5.0 (X11; Linux x86_64) AppleWebKit/537.36 (KHTML, like Gecko) Chrome/131.0.0.0 Safari/537.36"
216.67.230.98 - - [31/Jul/2026:20:07:23 +0300] "GET /wp-admin/ HTTP/1.1" 200 168567 "http://contexpertaudit.ro/wp-admin/" "Mozilla/5.0 (X11; Linux x86_64) AppleWebKit/537.36 (KHTML, like Gecko) Chrome/131.0.0.0 Safari/537.36"
216.67.230.98 - - [31/Jul/2026:20:07:23 +0300] "GET /wp-login.php HTTP/1.1" 200 88184 "http://contexpertaudit.ro/wp-admin/" "Mozilla/5.0 (X11; Linux x86_64) AppleWebKit/537.36 (KHTML, like Gecko) Chrome/131.0.0.0 Safari/537.36"
216.67.230.98 - - [31/Jul/2026:20:07:24 +0300] "GET /wp-login.php HTTP/1.1" 200 88184 "http://contexpertaudit.ro/wp-admin/" "Mozilla/5.0 (X11; Linux x86_64) AppleWebKit/537.36 (KHTML, like Gecko) Chrome/131.0.0.0 Safari/537.36"
216.67.230.98 - - [31/Jul/2026:20:07:25 +0300] "POST /wp-login.php HTTP/1.1" 200 88184 "http://contexpertaudit.ro/wp-admin/" "Mozilla/5.0 (X11; Linux x86_64) AppleWebKit/537.36 (KHTML, like Gecko) Chrome/131.0.0.0 Safari/537.36"
216.67.230.98 - - [31/Jul/2026:20:07:26 +0300] "GET /wp-admin/ HTTP/1.1" 200 168567 "http://contexpertaudit.ro/wp-admin/" "Mozilla/5.0 (X11; Linux x86_64) AppleWebKit/537.36 (KHTML, like Gecko) Chrome/131.0.0.0 Safari/537.36"
216.67.230.98 - - [31/Jul/2026:20:07:26 +0300] "GET /wp-login.php HTTP/1.1" 200 88184 "http://contexpertaudit.ro/wp-admin/" "Mozilla/5.0 (X11; Linux x86_64) AppleWebKit/537.36 (KHTML, like Gecko) Chrome/131.0.0.0 Safari/537.36"
216.67.230.98 - - [31/Jul/2026:20:07:27 +0300] "GET /wp-signup.php HTTP/1.1" 200 88184 "-" "Mozilla/5.0 (X11; Linux x86_64) AppleWebKit/537.36 (KHTML, like Gecko) Chrome/131.0.0.0 Safari/537.36"
216.67.230.98 - - [31/Jul/2026:20:07:42 +0300] "GET /?rest_route=/wp/v2/users/me&context=edit HTTP/1.1" 200 88184 "-" "Mozilla/5.0 (X11; Linux x86_64) AppleWebKit/537.36 (KHTML, like Gecko) Chrome/131.0.0.0 Safari/537.36"
216.67.230.98 - - [31/Jul/2026:20:07:43 +0300] "GET /wp-json/wp/v2/users/me?context=edit HTTP/1.1" 200 88184 "-" "Mozilla/5.0 (X11; Linux x86_64) AppleWebKit/537.36 (KHTML, like Gecko) Chrome/131.0.0.0 Safari/537.36"
216.67.230.98 - - [31/Jul/2026:20:07:46 +0300] "GET /wp-json/wp/v2/users/me?context=edit HTTP/1.1" 200 88184 "-" "Mozilla/5.0 (X11; Linux x86_64) AppleWebKit/537.36 (KHTML, like Gecko) Chrome/131.0.0.0 Safari/537.36"
216.67.230.98 - - [31/Jul/2026:20:07:47 +0300] "GET /?rest_route=/wp/v2/users/me&context=edit HTTP/1.1" 200 88184 "-" "Mozilla/5.0 (X11; Linux x86_64) AppleWebKit/537.36 (KHTML, like Gecko) Chrome/131.0.0.0 Safari/537.36"
216.67.230.98 - - [31/Jul/2026:20:07:51 +0300] "POST /xmlrpc.php HTTP/1.1" 200 88184 "-" "Mozilla/5.0 (X11; Linux x86_64) AppleWebKit/537.36 (KHTML, like Gecko) Chrome/131.0.0.0 Safari/537.36"
216.67.230.98 - - [31/Jul/2026:20:07:53 +0300] "POST /xmlrpc.php HTTP/1.1" 200 88184 "-" "Mozilla/5.0 (X11; Linux x86_64) AppleWebKit/537.36 (KHTML, like Gecko) Chrome/131.0.0.0 Safari/537.36"
216.67.230.98 - - [31/Jul/2026:20:07:53 +0300] "GET /wp-signup.php HTTP/1.1" 200 88184 "-" "Mozilla/5.0 (X11; Linux x86_64) AppleWebKit/537.36 (KHTML, like Gecko) Chrome/131.0.0.0 Safari/537.36"
216.67.230.98 - - [31/Jul/2026:20:07:54 +0300] "POST /xmlrpc.php HTTP/1.1" 200 88184 "-" "Mozilla/5.0 (X11; Linux x86_64) AppleWebKit/537.36 (KHTML, like Gecko) Chrome/131.0.0.0 Safari/537.36"
66.249.75.197 - - [31/Jul/2026:20:12:20 +0300] "GET /?goods/060019063 HTTP/1.1" 200 88184 "-" "Mozilla/5.0 (Linux; Android 6.0.1; Nexus 5X Build/MMB29P) AppleWebKit/537.36 (KHTML, like Gecko) Chrome/150.0.7871.186 Mobile Safari/537.36 (compatible; GoogleOther)"
146.70.203.23 - - [31/Jul/2026:20:17:15 +0300] "GET /wp-content/plugins/contact-form-7/plbczvwt.php HTTP/1.1" 200 88184 "-" "Mozilla/5.0 (Windows NT 10.0; Win64; x64) AppleWebKit/537.36 (KHTML, like Gecko) Chrome/148.0.0.0 Safari/537.36 Edg/148.0.0.0"
45.11.172.52 - - [31/Jul/2026:20:17:15 +0300] "GET /wp-content/plugins/contact-form-7/plbczvwt.php HTTP/1.1" 200 88184 "-" "Mozilla/5.0 (Windows NT 10.0; Win64; x64) AppleWebKit/537.36 (KHTML, like Gecko) Chrome/148.0.0.0 Safari/537.36 Edg/148.0.0.0"
141.227.139.224 - - [31/Jul/2026:20:17:16 +0300] "GET /wp-content/plugins/contact-form-7/plbczvwt.php HTTP/1.1" 200 88184 "-" "Mozilla/5.0 (Windows NT 10.0; Win64; x64) AppleWebKit/537.36 (KHTML, like Gecko) Chrome/148.0.0.0 Safari/537.36 Edg/148.0.0.0"
209.50.227.112 - - [31/Jul/2026:20:17:16 +0300] "GET /wp-content/plugins/contact-form-7/plbczvwt.php HTTP/1.1" 200 88184 "-" "Mozilla/5.0 (Windows NT 10.0; Win64; x64) AppleWebKit/537.36 (KHTML, like Gecko) Chrome/148.0.0.0 Safari/537.36 Edg/148.0.0.0"
45.84.107.54 - - [31/Jul/2026:20:18:30 +0300] "POST /xmlrpc.php HTTP/1.1" 200 88184 "-" "Mozilla/5.0 (Linux; Android 10; SM-A205F) AppleWebKit/537.36 (KHTML, like Gecko) Chrome/96.0.4664.45 Mobile Safari/537.36"
66.249.75.196 - - [31/Jul/2026:20:20:45 +0300] "GET /guide/policy/browser/accessibility.html HTTP/1.1" 200 88184 "-" "Mozilla/5.0 (Linux; Android 6.0.1; Nexus 5X Build/MMB29P) AppleWebKit/537.36 (KHTML, like Gecko) Chrome/150.0.7871.186 Mobile Safari/537.36 (compatible; Googlebot/2.1; +http://www.google.com/bot.html)"
66.249.69.130 - - [31/Jul/2026:20:21:48 +0300] "GET / HTTP/1.1" 200 88184 "-" "Mozilla/5.0 (Linux; Android 6.0.1; Nexus 5X Build/MMB29P) AppleWebKit/537.36 (KHTML, like Gecko) Chrome/150.0.7871.186 Mobile Safari/537.36 (compatible; Googlebot/2.1; +http://www.google.com/bot.html)"
45.11.172.52 - - [31/Jul/2026:20:32:46 +0300] "GET /wp-content/plugins/contact-form-7/plbczvwt.php HTTP/1.1" 200 88184 "-" "Mozilla/5.0 (Windows NT 10.0; Win64; x64) AppleWebKit/537.36 (KHTML, like Gecko) Chrome/148.0.0.0 Safari/537.36 Edg/148.0.0.0"
141.227.139.224 - - [31/Jul/2026:20:32:46 +0300] "GET /wp-content/plugins/contact-form-7/plbczvwt.php HTTP/1.1" 200 88184 "-" "Mozilla/5.0 (Windows NT 10.0; Win64; x64) AppleWebKit/537.36 (KHTML, like Gecko) Chrome/148.0.0.0 Safari/537.36 Edg/148.0.0.0"
146.70.203.23 - - [31/Jul/2026:20:32:46 +0300] "GET /wp-content/plugins/contact-form-7/plbczvwt.php HTTP/1.1" 200 88184 "-" "Mozilla/5.0 (Windows NT 10.0; Win64; x64) AppleWebKit/537.36 (KHTML, like Gecko) Chrome/148.0.0.0 Safari/537.36 Edg/148.0.0.0"
209.50.227.112 - - [31/Jul/2026:20:32:47 +0300] "GET /wp-content/plugins/contact-form-7/plbczvwt.php HTTP/1.1" 200 88184 "-" "Mozilla/5.0 (Windows NT 10.0; Win64; x64) AppleWebKit/537.36 (KHTML, like Gecko) Chrome/148.0.0.0 Safari/537.36 Edg/148.0.0.0"
66.249.75.198 - - [31/Jul/2026:20:33:53 +0300] "GET /f/copy/copy00/ HTTP/1.1" 200 88184 "-" "Mozilla/5.0 (Linux; Android 6.0.1; Nexus 5X Build/MMB29P) AppleWebKit/537.36 (KHTML, like Gecko) Chrome/150.0.7871.186 Mobile Safari/537.36 (compatible; Googlebot/2.1; +http://www.google.com/bot.html)"
45.11.172.52 - - [31/Jul/2026:20:47:09 +0300] "GET /wp-content/plugins/contact-form-7/plbczvwt.php HTTP/1.1" 200 88184 "-" "Mozilla/5.0 (Windows NT 10.0; Win64; x64) AppleWebKit/537.36 (KHTML, like Gecko) Chrome/148.0.0.0 Safari/537.36 Edg/148.0.0.0"
141.227.139.224 - - [31/Jul/2026:20:47:09 +0300] "GET /wp-content/plugins/contact-form-7/plbczvwt.php HTTP/1.1" 200 88184 "-" "Mozilla/5.0 (Windows NT 10.0; Win64; x64) AppleWebKit/537.36 (KHTML, like Gecko) Chrome/148.0.0.0 Safari/537.36 Edg/148.0.0.0"
209.50.227.112 - - [31/Jul/2026:20:47:11 +0300] "GET /wp-content/plugins/contact-form-7/plbczvwt.php HTTP/1.1" 200 88184 "-" "Mozilla/5.0 (Windows NT 10.0; Win64; x64) AppleWebKit/537.36 (KHTML, like Gecko) Chrome/148.0.0.0 Safari/537.36 Edg/148.0.0.0"
146.70.203.23 - - [31/Jul/2026:20:47:15 +0300] "GET /wp-content/plugins/contact-form-7/plbczvwt.php HTTP/1.1" 200 88184 "-" "Mozilla/5.0 (Windows NT 10.0; Win64; x64) AppleWebKit/537.36 (KHTML, like Gecko) Chrome/148.0.0.0 Safari/537.36 Edg/148.0.0.0"
66.249.75.196 - - [31/Jul/2026:20:48:29 +0300] "GET /f/special/mask/ HTTP/1.1" 200 88184 "-" "Mozilla/5.0 (Linux; Android 6.0.1; Nexus 5X Build/MMB29P) AppleWebKit/537.36 (KHTML, like Gecko) Chrome/150.0.7871.186 Mobile Safari/537.36 (compatible; Googlebot/2.1; +http://www.google.com/bot.html)"
45.11.172.52 - - [31/Jul/2026:21:01:47 +0300] "GET /wp-content/plugins/contact-form-7/plbczvwt.php HTTP/1.1" 200 88184 "-" "Mozilla/5.0 (Windows NT 10.0; Win64; x64) AppleWebKit/537.36 (KHTML, like Gecko) Chrome/148.0.0.0 Safari/537.36 Edg/148.0.0.0"
141.227.139.224 - - [31/Jul/2026:21:01:48 +0300] "GET /wp-content/plugins/contact-form-7/plbczvwt.php HTTP/1.1" 200 88184 "-" "Mozilla/5.0 (Windows NT 10.0; Win64; x64) AppleWebKit/537.36 (KHTML, like Gecko) Chrome/148.0.0.0 Safari/537.36 Edg/148.0.0.0"
209.50.227.112 - - [31/Jul/2026:21:01:50 +0300] "GET /wp-content/plugins/contact-form-7/plbczvwt.php HTTP/1.1" 200 88184 "-" "Mozilla/5.0 (Windows NT 10.0; Win64; x64) AppleWebKit/537.36 (KHTML, like Gecko) Chrome/148.0.0.0 Safari/537.36 Edg/148.0.0.0"
146.70.203.23 - - [31/Jul/2026:21:01:52 +0300] "GET /wp-content/plugins/contact-form-7/plbczvwt.php HTTP/1.1" 200 88184 "-" "Mozilla/5.0 (Windows NT 10.0; Win64; x64) AppleWebKit/537.36 (KHTML, like Gecko) Chrome/148.0.0.0 Safari/537.36 Edg/148.0.0.0"
81.167.26.57 - - [31/Jul/2026:21:12:42 +0300] "GET /robots.txt HTTP/1.1" 200 396 "-" "Mozilla/5.0 (compatible; MJ12bot/v1.4.8; http://mj12bot.com/)"
81.167.26.57 - - [31/Jul/2026:21:12:43 +0300] "GET /feed/ HTTP/1.1" 200 88184 "-" "Mozilla/5.0 (compatible; MJ12bot/v1.4.8; http://mj12bot.com/)"
141.227.139.224 - - [31/Jul/2026:21:17:06 +0300] "GET /wp-content/plugins/contact-form-7/plbczvwt.php HTTP/1.1" 200 88184 "-" "Mozilla/5.0 (Windows NT 10.0; Win64; x64) AppleWebKit/537.36 (KHTML, like Gecko) Chrome/148.0.0.0 Safari/537.36 Edg/148.0.0.0"
45.11.172.52 - - [31/Jul/2026:21:17:06 +0300] "GET /wp-content/plugins/contact-form-7/plbczvwt.php HTTP/1.1" 200 88184 "-" "Mozilla/5.0 (Windows NT 10.0; Win64; x64) AppleWebKit/537.36 (KHTML, like Gecko) Chrome/148.0.0.0 Safari/537.36 Edg/148.0.0.0"
209.50.227.112 - - [31/Jul/2026:21:17:06 +0300] "GET /wp-content/plugins/contact-form-7/plbczvwt.php HTTP/1.1" 200 88184 "-" "Mozilla/5.0 (Windows NT 10.0; Win64; x64) AppleWebKit/537.36 (KHTML, like Gecko) Chrome/148.0.0.0 Safari/537.36 Edg/148.0.0.0"
146.70.203.23 - - [31/Jul/2026:21:17:07 +0300] "GET /wp-content/plugins/contact-form-7/plbczvwt.php HTTP/1.1" 200 88184 "-" "Mozilla/5.0 (Windows NT 10.0; Win64; x64) AppleWebKit/537.36 (KHTML, like Gecko) Chrome/148.0.0.0 Safari/537.36 Edg/148.0.0.0"
66.249.75.198 - - [31/Jul/2026:21:21:59 +0300] "GET /?fileloc=/home/contexpert/public_html/robots.txt&path=/home/contexpert/public_html HTTP/1.1" 200 12773 "-" "Mozilla/5.0 (Linux; Android 6.0.1; Nexus 5X Build/MMB29P) AppleWebKit/537.36 (KHTML, like Gecko) Chrome/150.0.7871.186 Mobile Safari/537.36 (compatible; GoogleOther)"
216.250.119.94 - - [31/Jul/2026:21:27:08 +0300] "HEAD / HTTP/1.1" 200 - "-" "Mozilla/5.0 (Windows NT 10.0; Win64; x64) AppleWebKit/537.36 (KHTML, like Gecko) Chrome/131.0.0.0 Safari/537.36"
216.250.119.94 - - [31/Jul/2026:21:27:09 +0300] "GET / HTTP/1.1" 200 88184 "-" "Mozilla/5.0 (Windows NT 10.0; Win64; x64) AppleWebKit/537.36 (KHTML, like Gecko) Chrome/131.0.0.0 Safari/537.36"
216.250.119.94 - - [31/Jul/2026:21:27:10 +0300] "HEAD /wp-login.php HTTP/1.1" 200 - "-" "Mozilla/5.0 (Windows NT 10.0; Win64; x64) AppleWebKit/537.36 (KHTML, like Gecko) Chrome/131.0.0.0 Safari/537.36"
216.250.119.94 - - [31/Jul/2026:21:27:10 +0300] "GET / HTTP/1.1" 200 88184 "-" "Mozilla/5.0 (Windows NT 10.0; Win64; x64) AppleWebKit/537.36 (KHTML, like Gecko) Chrome/131.0.0.0 Safari/537.36"
216.250.119.94 - - [31/Jul/2026:21:27:11 +0300] "GET /wp-login.php HTTP/1.1" 200 88184 "-" "Mozilla/5.0 (Windows NT 10.0; Win64; x64) AppleWebKit/537.36 (KHTML, like Gecko) Chrome/131.0.0.0 Safari/537.36"
216.250.119.94 - - [31/Jul/2026:21:27:12 +0300] "GET /wp-login.php HTTP/1.1" 200 88184 "http://contexpertaudit.ro/wp-admin/" "Mozilla/5.0 (Windows NT 10.0; Win64; x64) AppleWebKit/537.36 (KHTML, like Gecko) Chrome/131.0.0.0 Safari/537.36"
216.250.119.94 - - [31/Jul/2026:21:27:12 +0300] "POST /wp-login.php HTTP/1.1" 200 88184 "http://contexpertaudit.ro/wp-admin/" "Mozilla/5.0 (Windows NT 10.0; Win64; x64) AppleWebKit/537.36 (KHTML, like Gecko) Chrome/131.0.0.0 Safari/537.36"
216.250.119.94 - - [31/Jul/2026:21:27:13 +0300] "GET /wp-admin/ HTTP/1.1" 200 168567 "http://contexpertaudit.ro/wp-admin/" "Mozilla/5.0 (Windows NT 10.0; Win64; x64) AppleWebKit/537.36 (KHTML, like Gecko) Chrome/131.0.0.0 Safari/537.36"
216.250.119.94 - - [31/Jul/2026:21:27:13 +0300] "GET /wp-login.php HTTP/1.1" 200 88184 "http://contexpertaudit.ro/wp-admin/" "Mozilla/5.0 (Windows NT 10.0; Win64; x64) AppleWebKit/537.36 (KHTML, like Gecko) Chrome/131.0.0.0 Safari/537.36"
216.250.119.94 - - [31/Jul/2026:21:27:14 +0300] "GET /wp-login.php HTTP/1.1" 200 88184 "http://contexpertaudit.ro/wp-admin/" "Mozilla/5.0 (Windows NT 10.0; Win64; x64) AppleWebKit/537.36 (KHTML, like Gecko) Chrome/131.0.0.0 Safari/537.36"
216.250.119.94 - - [31/Jul/2026:21:27:15 +0300] "POST /wp-login.php HTTP/1.1" 200 88184 "http://contexpertaudit.ro/wp-admin/" "Mozilla/5.0 (Windows NT 10.0; Win64; x64) AppleWebKit/537.36 (KHTML, like Gecko) Chrome/131.0.0.0 Safari/537.36"
216.250.119.94 - - [31/Jul/2026:21:27:16 +0300] "GET /wp-admin/ HTTP/1.1" 200 168567 "http://contexpertaudit.ro/wp-admin/" "Mozilla/5.0 (Windows NT 10.0; Win64; x64) AppleWebKit/537.36 (KHTML, like Gecko) Chrome/131.0.0.0 Safari/537.36"
216.250.119.94 - - [31/Jul/2026:21:27:17 +0300] "GET /wp-login.php HTTP/1.1" 200 88184 "http://contexpertaudit.ro/wp-admin/" "Mozilla/5.0 (Windows NT 10.0; Win64; x64) AppleWebKit/537.36 (KHTML, like Gecko) Chrome/131.0.0.0 Safari/537.36"
216.250.119.94 - - [31/Jul/2026:21:27:18 +0300] "GET /wp-login.php HTTP/1.1" 200 88184 "http://contexpertaudit.ro/wp-admin/" "Mozilla/5.0 (Windows NT 10.0; Win64; x64) AppleWebKit/537.36 (KHTML, like Gecko) Chrome/131.0.0.0 Safari/537.36"
216.250.119.94 - - [31/Jul/2026:21:27:19 +0300] "POST /wp-login.php HTTP/1.1" 200 88184 "http://contexpertaudit.ro/wp-admin/" "Mozilla/5.0 (Windows NT 10.0; Win64; x64) AppleWebKit/537.36 (KHTML, like Gecko) Chrome/131.0.0.0 Safari/537.36"
216.250.119.94 - - [31/Jul/2026:21:27:21 +0300] "GET /wp-admin/ HTTP/1.1" 200 168567 "http://contexpertaudit.ro/wp-admin/" "Mozilla/5.0 (Windows NT 10.0; Win64; x64) AppleWebKit/537.36 (KHTML, like Gecko) Chrome/131.0.0.0 Safari/537.36"
216.250.119.94 - - [31/Jul/2026:21:27:22 +0300] "GET /wp-login.php HTTP/1.1" 200 88184 "http://contexpertaudit.ro/wp-admin/" "Mozilla/5.0 (Windows NT 10.0; Win64; x64) AppleWebKit/537.36 (KHTML, like Gecko) Chrome/131.0.0.0 Safari/537.36"
216.250.119.94 - - [31/Jul/2026:21:27:23 +0300] "GET /wp-signup.php HTTP/1.1" 200 88184 "-" "Mozilla/5.0 (Windows NT 10.0; Win64; x64) AppleWebKit/537.36 (KHTML, like Gecko) Chrome/131.0.0.0 Safari/537.36"
216.250.119.94 - - [31/Jul/2026:21:27:43 +0300] "GET /?rest_route=/wp/v2/users/me&context=edit HTTP/1.1" 200 88184 "-" "Mozilla/5.0 (Windows NT 10.0; Win64; x64) AppleWebKit/537.36 (KHTML, like Gecko) Chrome/131.0.0.0 Safari/537.36"
216.250.119.94 - - [31/Jul/2026:21:27:44 +0300] "GET /wp-json/wp/v2/users/me?context=edit HTTP/1.1" 200 88184 "-" "Mozilla/5.0 (Windows NT 10.0; Win64; x64) AppleWebKit/537.36 (KHTML, like Gecko) Chrome/131.0.0.0 Safari/537.36"
66.249.75.198 - - [31/Jul/2026:21:27:56 +0300] "GET /shopdetail/application/097000827 HTTP/1.1" 200 88184 "-" "Mozilla/5.0 (Linux; Android 6.0.1; Nexus 5X Build/MMB29P) AppleWebKit/537.36 (KHTML, like Gecko) Chrome/150.0.7871.186 Mobile Safari/537.36 (compatible; Googlebot/2.1; +http://www.google.com/bot.html)"
216.250.119.94 - - [31/Jul/2026:21:28:06 +0300] "GET /wp-json/wp/v2/users/me?context=edit HTTP/1.1" 200 88184 "-" "Mozilla/5.0 (Windows NT 10.0; Win64; x64) AppleWebKit/537.36 (KHTML, like Gecko) Chrome/131.0.0.0 Safari/537.36"
216.250.119.94 - - [31/Jul/2026:21:28:07 +0300] "GET /?rest_route=/wp/v2/users/me&context=edit HTTP/1.1" 200 88184 "-" "Mozilla/5.0 (Windows NT 10.0; Win64; x64) AppleWebKit/537.36 (KHTML, like Gecko) Chrome/131.0.0.0 Safari/537.36"
216.250.119.94 - - [31/Jul/2026:21:28:12 +0300] "POST /xmlrpc.php HTTP/1.1" 200 88184 "-" "Mozilla/5.0 (Windows NT 10.0; Win64; x64) AppleWebKit/537.36 (KHTML, like Gecko) Chrome/131.0.0.0 Safari/537.36"
216.250.119.94 - - [31/Jul/2026:21:28:14 +0300] "POST /xmlrpc.php HTTP/1.1" 200 88184 "-" "Mozilla/5.0 (Windows NT 10.0; Win64; x64) AppleWebKit/537.36 (KHTML, like Gecko) Chrome/131.0.0.0 Safari/537.36"
216.250.119.94 - - [31/Jul/2026:21:28:14 +0300] "GET /wp-signup.php HTTP/1.1" 200 88184 "-" "Mozilla/5.0 (Windows NT 10.0; Win64; x64) AppleWebKit/537.36 (KHTML, like Gecko) Chrome/131.0.0.0 Safari/537.36"
216.250.119.94 - - [31/Jul/2026:21:28:22 +0300] "POST /xmlrpc.php HTTP/1.1" 200 88184 "-" "Mozilla/5.0 (Windows NT 10.0; Win64; x64) AppleWebKit/537.36 (KHTML, like Gecko) Chrome/131.0.0.0 Safari/537.36"
216.244.66.202 - - [31/Jul/2026:21:31:14 +0300] "GET /robots.txt HTTP/1.1" 200 396 "-" "Mozilla/5.0 (compatible; DotBot/1.2; +https://opensiteexplorer.org/dotbot; help@moz.com)"
141.227.139.224 - - [31/Jul/2026:21:32:37 +0300] "GET /wp-content/plugins/contact-form-7/plbczvwt.php HTTP/1.1" 200 88184 "-" "Mozilla/5.0 (Windows NT 10.0; Win64; x64) AppleWebKit/537.36 (KHTML, like Gecko) Chrome/148.0.0.0 Safari/537.36 Edg/148.0.0.0"
146.70.203.23 - - [31/Jul/2026:21:32:37 +0300] "GET /wp-content/plugins/contact-form-7/plbczvwt.php HTTP/1.1" 200 88184 "-" "Mozilla/5.0 (Windows NT 10.0; Win64; x64) AppleWebKit/537.36 (KHTML, like Gecko) Chrome/148.0.0.0 Safari/537.36 Edg/148.0.0.0"
45.11.172.52 - - [31/Jul/2026:21:32:37 +0300] "GET /wp-content/plugins/contact-form-7/plbczvwt.php HTTP/1.1" 200 88184 "-" "Mozilla/5.0 (Windows NT 10.0; Win64; x64) AppleWebKit/537.36 (KHTML, like Gecko) Chrome/148.0.0.0 Safari/537.36 Edg/148.0.0.0"
209.50.227.112 - - [31/Jul/2026:21:32:38 +0300] "GET /wp-content/plugins/contact-form-7/plbczvwt.php HTTP/1.1" 200 88184 "-" "Mozilla/5.0 (Windows NT 10.0; Win64; x64) AppleWebKit/537.36 (KHTML, like Gecko) Chrome/148.0.0.0 Safari/537.36 Edg/148.0.0.0"
216.244.66.202 - - [31/Jul/2026:21:32:39 +0300] "GET / HTTP/1.1" 200 88184 "-" "Mozilla/5.0 (compatible; DotBot/1.2; +https://opensiteexplorer.org/dotbot; help@moz.com)"
66.249.75.197 - - [31/Jul/2026:21:37:59 +0300] "GET /etc/alcohol.html HTTP/1.1" 200 88184 "-" "Mozilla/5.0 (Linux; Android 6.0.1; Nexus 5X Build/MMB29P) AppleWebKit/537.36 (KHTML, like Gecko) Chrome/150.0.7871.186 Mobile Safari/537.36 (compatible; GoogleOther)"
45.11.172.52 - - [31/Jul/2026:21:46:33 +0300] "GET /wp-content/plugins/contact-form-7/plbczvwt.php HTTP/1.1" 200 88184 "-" "Mozilla/5.0 (Windows NT 10.0; Win64; x64) AppleWebKit/537.36 (KHTML, like Gecko) Chrome/148.0.0.0 Safari/537.36 Edg/148.0.0.0"
141.227.139.224 - - [31/Jul/2026:21:46:35 +0300] "GET /wp-content/plugins/contact-form-7/plbczvwt.php HTTP/1.1" 200 88184 "-" "Mozilla/5.0 (Windows NT 10.0; Win64; x64) AppleWebKit/537.36 (KHTML, like Gecko) Chrome/148.0.0.0 Safari/537.36 Edg/148.0.0.0"
209.50.227.112 - - [31/Jul/2026:21:46:36 +0300] "GET /wp-content/plugins/contact-form-7/plbczvwt.php HTTP/1.1" 200 88184 "-" "Mozilla/5.0 (Windows NT 10.0; Win64; x64) AppleWebKit/537.36 (KHTML, like Gecko) Chrome/148.0.0.0 Safari/537.36 Edg/148.0.0.0"
146.70.203.23 - - [31/Jul/2026:21:46:36 +0300] "GET /wp-content/plugins/contact-form-7/plbczvwt.php HTTP/1.1" 200 88184 "-" "Mozilla/5.0 (Windows NT 10.0; Win64; x64) AppleWebKit/537.36 (KHTML, like Gecko) Chrome/148.0.0.0 Safari/537.36 Edg/148.0.0.0"
146.70.203.23 - - [31/Jul/2026:22:00:56 +0300] "GET /wp-content/plugins/contact-form-7/plbczvwt.php HTTP/1.1" 200 88184 "-" "Mozilla/5.0 (Windows NT 10.0; Win64; x64) AppleWebKit/537.36 (KHTML, like Gecko) Chrome/148.0.0.0 Safari/537.36 Edg/148.0.0.0"
45.11.172.52 - - [31/Jul/2026:22:00:57 +0300] "GET /wp-content/plugins/contact-form-7/plbczvwt.php HTTP/1.1" 200 88184 "-" "Mozilla/5.0 (Windows NT 10.0; Win64; x64) AppleWebKit/537.36 (KHTML, like Gecko) Chrome/148.0.0.0 Safari/537.36 Edg/148.0.0.0"
209.50.227.112 - - [31/Jul/2026:22:00:58 +0300] "GET /wp-content/plugins/contact-form-7/plbczvwt.php HTTP/1.1" 200 88184 "-" "Mozilla/5.0 (Windows NT 10.0; Win64; x64) AppleWebKit/537.36 (KHTML, like Gecko) Chrome/148.0.0.0 Safari/537.36 Edg/148.0.0.0"
141.227.139.224 - - [31/Jul/2026:22:00:58 +0300] "GET /wp-content/plugins/contact-form-7/plbczvwt.php HTTP/1.1" 200 88184 "-" "Mozilla/5.0 (Windows NT 10.0; Win64; x64) AppleWebKit/537.36 (KHTML, like Gecko) Chrome/148.0.0.0 Safari/537.36 Edg/148.0.0.0"
137.184.140.249 - - [31/Jul/2026:22:14:02 +0300] "HEAD / HTTP/1.1" 200 - "-" "Mozilla/5.0 (Linux; Android 12; TECNO CK6n) AppleWebKit/537.36 (KHTML, like Gecko) Chrome/125.0.6422.50 Mobile Safari/537.36"
137.184.140.249 - - [31/Jul/2026:22:14:02 +0300] "HEAD /old/ HTTP/1.1" 200 - "-" "Mozilla/5.0 (Windows NT 10.0; WOW64) AppleWebKit/537.36 (KHTML, like Gecko) Chrome/118.0.5993.90 Safari/537.36"
137.184.140.249 - - [31/Jul/2026:22:14:02 +0300] "HEAD /blog/ HTTP/1.1" 200 - "-" "Mozilla/5.0 (iPhone; CPU iPhone OS 16_7 like Mac OS X) AppleWebKit/605.1.15 (KHTML, like Gecko) Version/16.7 Mobile/15E148 Safari/604.1"
137.184.140.249 - - [31/Jul/2026:22:14:03 +0300] "HEAD /wp/ HTTP/1.1" 200 - "-" "Mozilla/5.0 (iPhone; CPU iPhone OS 17_5 like Mac OS X) AppleWebKit/605.1.15 (KHTML, like Gecko) Version/17.5 Mobile/15E148 Safari/604.1"
137.184.140.249 - - [31/Jul/2026:22:14:03 +0300] "HEAD /new/ HTTP/1.1" 200 - "-" "Mozilla/5.0 (Linux; Android 14; SM-A146P) AppleWebKit/537.36 (KHTML, like Gecko) SamsungBrowser/25.0 Chrome/123.0.6312.120 Mobile Safari/537.36"
137.184.140.249 - - [31/Jul/2026:22:14:03 +0300] "HEAD /backup/ HTTP/1.1" 200 - "-" "Mozilla/5.0 (Linux; Android 14; OnePlus 12) AppleWebKit/537.36 (KHTML, like Gecko) Chrome/125.0.6422.102 Mobile Safari/537.36"
137.184.140.249 - - [31/Jul/2026:22:14:03 +0300] "HEAD /wordpress/ HTTP/1.1" 200 - "-" "Mozilla/5.0 (Windows NT 11.0; Win64; x64) AppleWebKit/537.36 (KHTML, like Gecko) Chrome/128.0.6540.18 Safari/537.36"
45.11.172.52 - - [31/Jul/2026:22:15:40 +0300] "GET /wp-content/plugins/contact-form-7/plbczvwt.php HTTP/1.1" 200 88184 "-" "Mozilla/5.0 (Windows NT 10.0; Win64; x64) AppleWebKit/537.36 (KHTML, like Gecko) Chrome/148.0.0.0 Safari/537.36 Edg/148.0.0.0"
209.50.227.112 - - [31/Jul/2026:22:15:43 +0300] "GET /wp-content/plugins/contact-form-7/plbczvwt.php HTTP/1.1" 200 88184 "-" "Mozilla/5.0 (Windows NT 10.0; Win64; x64) AppleWebKit/537.36 (KHTML, like Gecko) Chrome/148.0.0.0 Safari/537.36 Edg/148.0.0.0"
146.70.203.23 - - [31/Jul/2026:22:15:45 +0300] "GET /wp-content/plugins/contact-form-7/plbczvwt.php HTTP/1.1" 200 88184 "-" "Mozilla/5.0 (Windows NT 10.0; Win64; x64) AppleWebKit/537.36 (KHTML, like Gecko) Chrome/148.0.0.0 Safari/537.36 Edg/148.0.0.0"
141.227.139.224 - - [31/Jul/2026:22:15:47 +0300] "GET /wp-content/plugins/contact-form-7/plbczvwt.php HTTP/1.1" 200 88184 "-" "Mozilla/5.0 (Windows NT 10.0; Win64; x64) AppleWebKit/537.36 (KHTML, like Gecko) Chrome/148.0.0.0 Safari/537.36 Edg/148.0.0.0"
66.249.75.197 - - [31/Jul/2026:22:28:34 +0300] "GET /shopdetail/trap/123046653 HTTP/1.1" 200 88184 "-" "Mozilla/5.0 (Linux; Android 6.0.1; Nexus 5X Build/MMB29P) AppleWebKit/537.36 (KHTML, like Gecko) Chrome/150.0.7871.186 Mobile Safari/537.36 (compatible; Googlebot/2.1; +http://www.google.com/bot.html)"
141.227.139.224 - - [31/Jul/2026:22:30:27 +0300] "GET /wp-content/plugins/contact-form-7/plbczvwt.php HTTP/1.1" 200 88184 "-" "Mozilla/5.0 (Windows NT 10.0; Win64; x64) AppleWebKit/537.36 (KHTML, like Gecko) Chrome/148.0.0.0 Safari/537.36 Edg/148.0.0.0"
45.11.172.52 - - [31/Jul/2026:22:30:28 +0300] "GET /wp-content/plugins/contact-form-7/plbczvwt.php HTTP/1.1" 200 88184 "-" "Mozilla/5.0 (Windows NT 10.0; Win64; x64) AppleWebKit/537.36 (KHTML, like Gecko) Chrome/148.0.0.0 Safari/537.36 Edg/148.0.0.0"
209.50.227.112 - - [31/Jul/2026:22:30:29 +0300] "GET /wp-content/plugins/contact-form-7/plbczvwt.php HTTP/1.1" 200 88184 "-" "Mozilla/5.0 (Windows NT 10.0; Win64; x64) AppleWebKit/537.36 (KHTML, like Gecko) Chrome/148.0.0.0 Safari/537.36 Edg/148.0.0.0"
146.70.203.23 - - [31/Jul/2026:22:30:33 +0300] "GET /wp-content/plugins/contact-form-7/plbczvwt.php HTTP/1.1" 200 88184 "-" "Mozilla/5.0 (Windows NT 10.0; Win64; x64) AppleWebKit/537.36 (KHTML, like Gecko) Chrome/148.0.0.0 Safari/537.36 Edg/148.0.0.0"
198.199.80.12 - - [31/Jul/2026:22:33:25 +0300] "HEAD /backup/ HTTP/1.1" 200 - "-" "Mozilla/5.0 (iPad; CPU OS 17_4 like Mac OS X) AppleWebKit/605.1.15 (KHTML, like Gecko) Version/17.4 Mobile/15E148 Safari/604.1"
198.199.80.12 - - [31/Jul/2026:22:33:25 +0300] "HEAD /wp/ HTTP/1.1" 200 - "-" "Mozilla/5.0 (Windows NT 10.0; Win64; x64; rv:127.0) Gecko/20100101 Firefox/127.0"
198.199.80.12 - - [31/Jul/2026:22:33:25 +0300] "HEAD /old/ HTTP/1.1" 200 - "-" "Mozilla/5.0 (Macintosh; Intel Mac OS X 15_0) AppleWebKit/537.36 (KHTML, like Gecko) Chrome/125.0.6422.141 Safari/537.36"
198.199.80.12 - - [31/Jul/2026:22:33:25 +0300] "HEAD /blog/ HTTP/1.1" 200 - "-" "Mozilla/5.0 (Linux; Android 13; Infinix X688B) AppleWebKit/537.36 (KHTML, like Gecko) Chrome/124.0.6367.48 Mobile Safari/537.36"
198.199.80.12 - - [31/Jul/2026:22:33:26 +0300] "HEAD /wordpress/ HTTP/1.1" 200 - "-" "Mozilla/5.0 (Linux; Android 14; RMX3842) AppleWebKit/537.36 (KHTML, like Gecko) Chrome/126.0.6478.44 Mobile Safari/537.36"
198.199.80.12 - - [31/Jul/2026:22:33:26 +0300] "HEAD /new/ HTTP/1.1" 200 - "-" "Mozilla/5.0 (iPhone; CPU iPhone OS 16_7 like Mac OS X) AppleWebKit/605.1.15 (KHTML, like Gecko) Version/16.7 Mobile/15E148 Safari/604.1"
198.199.80.12 - - [31/Jul/2026:22:33:26 +0300] "HEAD / HTTP/1.1" 200 - "-" "Mozilla/5.0 (Linux; Android 13; Infinix X688B) AppleWebKit/537.36 (KHTML, like Gecko) Chrome/124.0.6367.48 Mobile Safari/537.36"